at is -4 + (3 - 9) - (-19 - (2 - 6)) - 42?
-37
Calculate -1 + 9 + -2 - (38 - (-41 + 118)).
45
-20 - -1 - (-375 + 382)
-26
What is the value of -1 + (4 - (-14 + 27)) - (-128 - -122)?
-4
Evaluate -1 - 114 - (119 - 178).
-56
Calculate 150 + (-293 - -113) + 3 + 103.
76
(80 - 44) + -57 + 45
24
0 - 7 - 4 - (5 - -16 - 4)
-28
What is 15 + 0 - (-5 + 42 + -25)?
3
What is (35 - (1 + 99)) + 33?
-32
What is the value of 31 + (43 - 21) + -35?
18
-28 + 39 - ((-454 - -447) + 96 + -2 + 4)
-80
0 - ((6 - 0) + -1 + -97 + 40 + 34)
18
7 - (13 - (0 + -15 + (-7 - -25)))
-3
What is the value of (19 + -2 - -1) + (68 - 55) + -17 + -28?
-14
(-89 - -64) + -107 + 46
-86
Evaluate -1 + -25 + -1781 + 1849.
42
(-25 - -1) + (-38 - -65 - 14) - (-9 - 1)
-1
What is the value of (129 - 122) + 37 + (-4 - -8)?
48
Calculate 9 - (135 - (1 - (15 - 42))).
-98
(2 + (24 - 3) - 4) + 210 + -239
-10
Calculate -6 - -63 - (17 - -52).
-12
6 - (11 - 51 - -65)
-19
Calculate -34 + (-12 - 10 - -4) + 30.
-22
-8 + -1 + 5 + (-31 - (3 + -17))
-21
Calculate (21 - 107) + (-1 - -3).
-84
Evaluate (46 - 21) + 1 + 13 + -1 + -1.
37
What is the value of 36 + -8 + (298 - 308 - (0 + -13))?
31
Evaluate -1 + 1 + 24 + (-320 - -329).
33
What is the value of (1 - -4) + -36 + -5 + 29 + 62?
55
212 + -180 - (22 + 1)
9
(1 + (-77 - 0) - (-51 + -56 + 112)) + -9
-90
What is the value of 41 + 90 + -106 - -45?
70
Calculate -1 + -3 - (40 - 62 - (-9 - 2) - -15).
-8
Calculate -1 + 16 + -40 + 28 - -46.
49
(11 - 26) + (99 + (2 - 4) - (-38 + 45))
75
What is -3 - -111 - ((-29 - -21 - -8) + 12 + -13)?
109
Calculate -22 - (8 + -19 - (-18 - 4)).
-33
Evaluate 10 - 11 - -3 - (49 - (-4 + 0 + 1)).
-50
Evaluate 11 + 20 + -26 - 86 - -12.
-69
Calculate -11 + (-20 - -54) + (-23 - -20 - (-4 - 1)).
25
(8 - 0 - (-5 + 10)) + (90 - 87) - -62
68
(7 - (-19 + 1 + -2 + -18)) + -15
30
(0 - 0) + -6 - (19 + -84 + -14)
73
What is (-43 - 15) + 64 + -104?
-98
Evaluate (-5 + 0 + 5 - -2) + 38 + -16 + 40.
64
What is (-486 - -540) + (0 - (4 + (-2 - 0) + 1))?
51
4932 + -4934 - (98 - 0 - (-2 + 1 + -1))
-102
What is 18 - -15 - (252 - 226)?
7
What is (-15 - 12 - -11) + 37 + -50?
-29
(29 - (6 - -2)) + (95 - 63)
53
Calculate -41 + 59 + -5 + (8 - 13) + 9.
17
Evaluate 7 - (-76 + 27 - 61).
117
Calculate (-908 - -837) + (-1 - -184).
112
What is the value of -125 - -86 - (24 + -84)?
21
Evaluate 40 - (5 - (-13 + (18 - (-6 + -4 + 20)))).
30
What is (-13 + 12 + 8 - -16) + -63?
-40
What is the value of -596 + 592 + (-3 - -3 - (-1 + -3 + -26))?
26
Calculate -1 + 103 + (15 - ((-18 - (9 - 14)) + 25)).
105
10 + -3 - (-83 + (2 - -15))
73
Evaluate (-3 - 0 - (-41 + -84)) + -7 + 1.
116
What is 13 - ((5 + 3 + -5 - 13) + 10)?
13
Evaluate 42 + (8 - 16) - (15 - (27 - (16 + -5))).
35
What is the value of -29 + 5 + -8 - (-1 + (1 - -5))?
-37
Evaluate 1191 + -1157 - (39 + -1).
-4
What is the value of (43 - 8 - 17) + 40?
58
Evaluate -4 + 21 + 22 - 59.
-20
What is the value of -10 - -8 - -1 - (9 - 6 - 11 - 34)?
41
What is 5281 - 5279 - (0 - (2 - -1))?
5
What is (-27 - (1 + -4)) + (1928 - 1870)?
34
What is the value of -53 + (-16 + 22 + -19 - -11) + -3?
-58
Calculate 10 + 2 - (-20 + 39 + -10 - 41).
44
What is -102 + 143 - (7 - -64)?
-30
What is -10 - -8 - (13 + -24) - (-8 - (-109 - -7))?
-85
Calculate 6 + 20 + (1 - (6 - -15)).
6
What is the value of -13 + -27 + -8 + (-5 - -6)?
-47
Evaluate -54 + 66 + (5 - -10) - (-13 + 6 + -6).
40
-33 - (-17 + (145 - 80))
-81
What is the value of -114 + 68 + -47 + 37?
-56
What is the value of (8 - 5 - (7 + 4)) + 11 - (-41 - -3)?
41
Calculate 8 + (-133 - (57 + -102)) + -1 + -20.
-101
Evaluate -54 - 2 - (307 + -395).
32
What is 31 + (-33 - -17) + (-122 - (-3 + (2 - -9)))?
-115
-6300 - -6385 - (1 + -3)
87
Evaluate 14 + -31 + (2 - -52).
37
Calculate (46 - 26) + 13 + -14.
19
Calculate -3 - (5 - 0 - 7) - (90 + -117).
26
Calculate (-1 - (-10 - 1 - 2)) + 123 + (-90 - 11).
34
Evaluate 11 + -8 + 2 - (-60 - -8) - 12.
45
Evaluate -38 + (-33 + 77 - 8).
-2
Evaluate (4 - -1) + (-5 - -7 - (13 - -5)).
-11
Calculate 116 + -9 - (704 + -637).
40
What is the value of (-4 + -2 + (-15 - -28) + 6 - 2) + 0?
11
Evaluate -61 - (20 + (-10 + -4 - 21)).
-46
Calculate 29 + -34 + -11 + -24 - -30.
-10
10 + (14 - (-36 + 19 - -23))
18
Evaluate -1 + 34 - (257 + -190).
-34
What is -4 + 43 + 1066 + -1070?
35
What is the value of -1 + (-63 - -20) + (18 - (-5 + 14))?
-35
(-244 - -261) + 16 + 3
36
Evaluate 312 - 282 - (-55 - 19).
104
-113 - (4 + -7 + 1 + (9 - (3 + 16)))
-101
Evaluate 18 + (-84 - -6) - -33.
-27
What is 102 - -282 - 385 - ((-3 - 46) + (-1 - 1))?
50
What is the value of 22 + (78 - (16 + 109))?
-25
Calculate -2 + -21 + -537 + 607.
47
Calculate (15 - 1 - -18) + 21 - -42.
95
(-22 + 3 + 5 - 4) + (-23 - -137)
96
What is the value of -8306 - -8334 - (-2 + -9 - 2)?
41
What is (0 + -33 - (64 - 83)) + (-6 - 6)?
-26
Calculate -404 + 292 + (63 - 15).
-64
-29 + (175 + -71 - (25 + -4))
54
What is the value of -14 + (168 - 150) + (0 + -81 - 1)?
-78
What is the value of (-345 - -330) + 16 + (0 + 1 - 6)?
-4
What is -6 - ((-16 - -30) + -39 + (1 - -8))?
10
What is the value of -7596 - -7605 - (-1 - -49)?
-39
What is -94 - ((24 - (-24 - -31)) + -10 + 3)?
-104
What is the value of (17 + 13 + -23 - -18) + -54?
-29
(233 - 218) + 2 + -1 + 13
29
Calculate (-12 - (-17 + 11 - -20 - 4)) + 15 + -3.
-10
-4 + (0 - 15 - (-111 + 1 - -58))
33
Calculate -38 + (39 - (61 - 6)).
-54
(96 - -10) + -45 + 34 + (22 - -2) + -22
97
What is the value of 438 - 454 - (10 + -2)?
-24
Evaluate (-124 + 95 - 197) + 125.
-101
Calculate -3 + (-2 - -45) - (-9 - (-19 + 7)).
37
Evaluate -7 - (-25 + 1 + (-294 - -322)).
-11
Evaluate (1 - -51) + (10 - 1) + (5 - (-7 + 19)).
54
Calculate 15 + -3 + (15 - ((8 - -11) + 5)).
3
What is (97 - 158) + 49 - 41?
-53
Evaluate -698 + 694 + (-2 - -2) + 0 + 84 - -13.
93
Evaluate 88 - -50 - 283 - -142.
-3
What is -54 - (-23 - 11) - 23?
-43
What is (-17 - (20 + -13)) + (-16 - 0)?
-40
10 - ((-11 - -1 - -2) + (-15 - (-28 - -71)))
76
Evaluate 30 + -3 + (7 - 8 - -22) + -17.
31
Evaluate -6 - (-37 - 41) - 20.
52
Calculate -83 - (17 - (-6 + (-36 - -67))).
-75
Evaluate (80 + 6 - 25) + -35 + -62.
-36
Evaluate 26 - ((-18 - (-25 - -4)) + 11).
12
What is 1 - -52 - (-2703 + 2710)?
46
Calculate 42 + -2 + -18 - (-3 + -17).
42
Calculate -32 + (-23 - (-11 + -14)) + (-3 + 4 - 6).
-35
Calculate -12 - (-5 - (-5 - -3) - (7 - -7)).
5
What is the value of 62 - (51 + -17 + -26) - (2 - (10 - 3))?
59
Evaluate (-2940 - -3163) + -119 + 2.
106
Calculate (-18 - -92) + -17 - (40 + -44 - (2 + 2)).
65
What is the value of 48 - 0 - (-114 + (196 - 95))?
61
28 + 3 - (-155 - -82)
104
Calculate (8 - (-48 + 49)) + -9 + -1 + 20.
17
Evaluate -26 + 3 + 6 + 17 + -1.
-1
What is the value of 12 + -15 - (2 - (-4 + 10 + -12))?
-11
(8476 - 8363) + (1 - 1) + -15
98
(-71 - 14) + (111 - 0)
26
Calculate 1 + -38 + 673 + -695.
-59
What is the value of 13 + -8 + (-2 - -12) + -4 - 2?
9
13 - 3 - (-294 - -243)
61
Evaluate -5 + (-4 + 7 - -131) - ((-12 - 2) + 18).
125
Evaluate -15 - -3 - (4 + 8 + -1 - (13 - 24)).
-34
-12 - (-6 + 30 + -21) - -20
5
Evaluate -15 + 12 + 70 + -162.
-95
What is -13 + 10 + (20 - (26 - (-2 + -15)))?
-26
What is 89 + -20 + 30 + -73?
26
32 + -33 + (0 - -4) - (10 + 16 + 0)
-23
What is the value of (0 - -117) + (-8232 - -8158)?
43
Evaluate 22 + (0 - 11 - 6) + 23.
28
Evaluate (-2 - (9 + -7 + 10) - -12) + (0 - 46).
-48
Calculate (-39 - -3) + (-1 - 1) + 11.
-27
Calculate (-9 + (1 - 8) - 77) + (-6 - -1) - -3.
-95
What is the value of 1 + 2 + 6 + (29 - (-7 - -9) - -6)?
42
What is the value of 37 + -79 + (-77 - -106)?
-13
What is the value of 57 - (-21 - 7 - -160)?
-75
What is the value of 11 + -20 + 11 - (17 + 31)?
-46
Calculate (25 + -96 - -89) + (-19 - 0).
-1
What is -48 - (51 + (-70 - -27))?
-56
What is the value of 0 + -71 + -6 + 3 - (273 + -263)?
-84
Evaluate -4 - -31 - 14 - (79 + -8 + (15 - 11)).
-62
What is the value of (-1 - 2) + 4 + (-32 - (12 + -28))?
-15
(-6 - ((-270 - -262) + (11 - 1))) + 0 + -8
-16
What is the value of -16 - ((-4 - (-2 - (-6 + 7 + -3))) + 9)?
-21
What is -14 - 3 - (-3 + 45 - (-125 + 154))?
-30
What is the value of 1 + -3 + -22 + -59 + (-71 - -149)?
-5
6 + 9 + 18 + (12 - 4) + -3
38
What is 31 + -20 + -1 + 0 + (108 - 106) + -49?
-37
(-29 - -41) + 139 + -94
57
What is -11 + 2 + -2 - (51654 - 51513)?
-152
Evaluate (-37 - -56) +